-262 + 924. What is the tens digit of i?
6
Suppose 2*g = 6*g - 16. Suppose -4*q = -g*l - 0*l + 28, -1 = -l - q. Suppose -5 + l = -o. What is the units digit of o?
1
Suppose 0 = 3*m + 4*k - 8, -4*m - 4*k + 0 = -12. Suppose 4*s - 11 = u - 0, -5*s + 19 = m*u. What is the units digit of u?
1
Suppose -v + 10 = -4*y, 0 = 2*v - y + 6*y + 6. Suppose 0 = 5*w + l - 117, l = -4*w - v*l + 87. What is the tens digit of w?
2
Let x = 11 + -9. Suppose -x*o = -3 - 3. Suppose -o*t - i = -15, 15 = 5*t - 2*t - 5*i. What is the units digit of t?
5
Suppose 3*o + 3*t - 1770 = 0, -27*o - 5*t = -25*o - 1186. What is the units digit of o?
8
Let w be (-7)/(-14)*0/(-2). Suppose 0*y - 4*y + 2 = -2*g, w = -g + 5*y - 4. What is the tens digit of g/(-5*(-1)/250)?
5
Suppose -5*s + 21*s = 7328. What is the tens digit of s?
5
Suppose 34*m + 19*m - 77963 = 0. What is the hundreds digit of m?
4
Suppose -18054 = -13*u - 5*u. What is the hundreds digit of u?
0
Let f(i) = -i**3 + 4*i**2 - 3*i + 3. Let m be f(3). Suppose 4*y = m*y + 3. What is the units digit of -1 + y - (-6 + -3)?
1
Suppose 0 = f - 0*f - 5. Suppose -3*t + 202 = -f*n, 2*t - 98 = -2*n + 42. What is the tens digit of t?
6
Suppose -u - 6 = -4. Let t be (u/(-6) - 0)*-3. What is the units digit of t*9*(1 + -2)?
9
What is the units digit of 820 + 8/4 - 4/(-2)?
4
Let j(i) be the first derivative of -i**4/4 - 4*i**3/3 - i**2/2 - i - 2. What is the hundreds digit of j(-7)?
1
Suppose -o = 3*s - 3, 5*o = -0*s + 2*s - 19. Let c = 6 + -2. Let u = s + c. What is the units digit of u?
6
Let i(o) = -14*o**3 - o**2 - 2*o - 1. Let j be i(-1). Let u = 15 - j. Suppose 3*a = -h + 20, -a + u = 2. What is the units digit of h?
3
Let w = 821 + -262. What is the tens digit of w?
5
What is the hundreds digit of ((-11186)/51 + -14)*(-3)/2?
3
Let b(r) = r**2 - r + 16. Let q be b(0). Let u = q - 86. Let v = -36 - u. What is the tens digit of v?
3
Let z be 1 + 183 + 0 + (0 - -1). Suppose 26 = -3*j + z. What is the units digit of j?
3
Suppose -15*g + 11556 + 9414 = 0. What is the units digit of g?
8
Let p be (3 + -1 - 3) + 318. Suppose -p + 47 = -5*f. Suppose -2*q + f = 18. What is the units digit of q?
8
Suppose -4*b + 5543 = -0*b + s, 6925 = 5*b + 5*s. What is the thousands digit of b?
1
Suppose -185*x = -189*x + 7264. What is the units digit of x?
6
Let i(y) = 3*y**2 + 7*y + 14. What is the tens digit of i(-11)?
0
Let c be (-2)/10 + (-147)/(-35). Suppose 7*w - 15 = c*w. Suppose 2*l + l - w*o = 38, -5*l - 3*o = -52. What is the tens digit of l?
1
Let b = -178 - -116. What is the tens digit of -1*(-1 + b - (2 + 1))?
6
Let z = 3 + -6. Let p be (279/z)/(-1) + 3. Suppose 0*j = 4*j + 3*q - p, 2*j + 2*q = 50. What is the units digit of j?
1
What is the units digit of 942 + (6 - (-4)/(-1))?
4
Let s = -1764 - -2729. What is the hundreds digit of s?
9
Let a(h) be the first derivative of 5*h**4/2 - 2*h**3/3 + 3*h**2/2 - 5*h + 40. What is the units digit of a(2)?
3
Let d = 1 + 74. Let m = -10 - 12. Let l = m + d. What is the tens digit of l?
5
Let k(r) = -6*r**2 - 5*r - 6. Let n(x) = -5*x**2 - 4*x - 5. Let z(u) = -6*k(u) + 7*n(u). What is the tens digit of z(5)?
3
Suppose -9*l - 200 = -13*l. Suppose 0*d - l = -2*d - 5*u, 2*d - 52 = -4*u. What is the tens digit of d?
3
Suppose l - 5*j = -2*l + 7, 15 = 3*l + 3*j. Suppose 2*b = -l*d - 36 + 6, -4*d = 20. Let y = b - -52. What is the units digit of y?
7
Let k = 260 + 329. What is the units digit of k?
9
Suppose 0*f = -2*f + j + 23, 0 = -3*f + 3*j + 39. Suppose -f*v + 88 = -462. What is the units digit of v?
5
Suppose 24912 = 6*s + 6*s. What is the units digit of s?
6
Let x(a) = 566*a**3 + 7*a**2 - 10*a + 2. What is the hundreds digit of x(1)?
5
Suppose 337*l = 352*l - 34365. What is the hundreds digit of l?
2
Let v(z) = z**2 - 9*z + 5. Let g = -23 + 0. Let o = 33 + g. What is the units digit of v(o)?
5
Suppose -67*q + 64*q - o + 943 = 0, q + 5*o - 291 = 0. What is the tens digit of q?
1
Let k(j) = 85*j - 50. What is the hundreds digit of k(9)?
7
Let m(z) = 4*z**2 + 23*z + 9. Let s be m(-5). What is the tens digit of 2 + (137/15 - s/(-45))?
1
Let k(h) = h**2 + 7*h - 6. Let x be k(-6). Let s = -6 - x. Suppose -s = -0*y - y. What is the units digit of y?
6
Suppose -4222 = 6*u - 10810. What is the tens digit of u?
9
Suppose 10*u + 6 = 13*u, 4*x - 7638 = u. What is the thousands digit of x?
1
Let j = 237 - -222. What is the units digit of j?
9
Let u = 4351 - 2369. What is the thousands digit of u?
1
Let w(x) = -2*x. Let l be w(2). Suppose 0 = -y + 2*p - 3, 3*y - 8*p = -4*p - 9. What is the units digit of (-103)/l + y/4?
5
Let w be 358 + (0 - 9/(-3) - 0). Suppose -w = -3*y - 91. What is the units digit of y?
0
Let b(k) = -66 - 7*k - 6*k + 22 + k. What is the tens digit of b(-21)?
0
Let h(c) = -563*c - 359. What is the tens digit of h(-3)?
3
Let j be (-3 - -2)*127 - -4. Let z = j - -241. What is the tens digit of z?
1
Let s = 0 - -2. Suppose 0*l + 4 = s*l. What is the units digit of -2 - (-7)/2*l?
5
Suppose -9*a + 203 = -40. What is the tens digit of (-6546)/(-54) - 6/a?
2
Let z = -252 - -1295. What is the tens digit of z?
4
Let b = -99 - -179. Let w = 149 - b. What is the tens digit of w?
6
Let g be 0 - 267/(-6)*-2. Let s = g - -129. What is the tens digit of s?
4
Suppose -9268 = -3*m + 2*g, -m + 3*g + 3435 = 348. Suppose 26*n - 16*n = m. What is the tens digit of n?
0
Suppose 4966 = -6*i + 5542. What is the units digit of i?
6
Let t(j) be the first derivative of j**4/4 + j**3/6 - j**2/2 + 2*j + 12. Let l(z) be the first derivative of t(z). What is the units digit of l(-2)?
9
Let t = -1 + 6. Let r(h) = -h**3 + h**2 + 3*h. Let i be r(0). Suppose s + t*c - 17 = 16, -3*s - c + 71 = i. What is the units digit of s?
3
Suppose 26*d - 3470 = 21*d. What is the tens digit of d?
9
Suppose 5*v = 38 + 2. Let k be v/12*3/(-2). What is the tens digit of ((-8)/12)/(k/72)?
4
Let v be (3/3)/((-3)/(-15)). Suppose -2*c = -v*y - 84, y + 2*y = 4*c - 154. What is the tens digit of c?
3
What is the units digit of (-1 - 46)*(-28)/(28/7)?
9
Suppose 0 = -i - r + 42, -172 + 46 = -3*i + 2*r. Suppose -2*g + i = -2*m, 0*g + 3*m = 4*g - 83. What is the tens digit of g?
2
What is the hundreds digit of 835 + 17/((-17)/(-6))?
8
Suppose -w = s + 4*s - 4, 0 = 2*w - 3*s - 60. Let d(j) = -j + 79. What is the units digit of d(w)?
5
Suppose -6 = 5*p - 4*p. Let v(f) be the third derivative of f**5/60 + f**4/12 + f**3/2 - 28*f**2. What is the units digit of v(p)?
7
Let y = 52 + -50. Suppose -k - 25 = -f, 0*f - 55 = -y*f - 3*k. What is the tens digit of f?
2
Let z be (-16 - -6)*(-1)/(-2). Let m(q) = q**2 + 6. What is the units digit of m(z)?
1
Suppose -67620 = -56*u + 67396. What is the tens digit of u?
1
Suppose 0 = -3*d + 5*d + 5*w - 14, 0 = 2*d - 4*w + 4. Let n(c) = -3 - d - 4 + 4*c. What is the tens digit of n(14)?
4
Let p(s) = -s**2 + 7*s + 10. Let r be 6/(-14) + (-1298)/(-154). What is the units digit of p(r)?
2
Let w(d) = 197*d**2 + 9*d + 4. What is the units digit of w(2)?
0
Suppose 5*f - 1045 = 4*f + 2*s, 2*s - 1057 = -f. What is the tens digit of f?
5
Let f = -6 - -322. Let p be 14/(-35) + f/(-10). Let c = 42 + p. What is the tens digit of c?
1
What is the units digit of (-2)/(-32) + 274953/112?
5
Let f = 848 - 407. What is the units digit of f?
1
Let l = -40 + 57. Suppose -2*y + l = -y. What is the units digit of y?
7
What is the units digit of (-7308)/56*8/(-3)?
8
Let x(p) = 5*p + 620. What is the tens digit of x(0)?
2
Let w be 166*-1*(-3)/(-6). Let k = w + 206. Suppose 5*g - 2*g = k. What is the tens digit of g?
4
Let u = 561 + 201. What is the tens digit of u?
6
Suppose 0 = 4*v + 3*m - 7720, v + 2*m - 213 - 1722 = 0. What is the hundreds digit of v?
9
Let x(g) = -g**3 + 11*g**2 + 5*g + 8. Suppose -3 + 22 = 2*j + 3*m, m = 2*j - 23. Let b be x(j). What is the tens digit of 2*(b/6 + 4)?
2
Let s be (-44)/(-12) - -1*2/(-3). Suppose -41 = -q - c + 4*c, s*c + 146 = 4*q. What is the units digit of q?
5
What is the units digit of 5511/9 - 10/(-15)?
3
Let q = -967 - -983. What is the units digit of q?
6
Let b = 93 - 96. What is the tens digit of -2 - (b + 0) - -21?
2
Let f = 11 - 9. Suppose k - 1 = -2*c, 3*k = -5*c + f*k + 10. Suppose -190 = -5*h + c*m, -2*h + m + 35 + 42 = 0. What is the tens digit of h?
4
Suppose g + 33 = -2*g. Let o(j) = 8*j - 39.